e 12) to base 16
-115
-1142000 (base 6) to base 12
-2a900
-3665 (base 9) to base 8
-5254
-414 (base 13) to base 6
-3113
Convert -1112222 (base 3) to base 9.
-1488
Convert -1201 (base 10) to base 15.
-551
785 (base 13) to base 9
1685
Convert -3540 (base 10) to base 14.
-140c
What is -11323 (base 5) in base 12?
-59a
10000001001 (base 2) to base 8
2011
-39 (base 12) to base 16
-2d
What is 20311320 (base 4) in base 15?
aae6
-64 (base 16) to base 14
-72
Convert 1101100 (base 2) to base 7.
213
-143 (base 6) to base 3
-2100
Convert -4b99 (base 14) to base 15.
-3de7
Convert 62 (base 10) to base 14.
46
What is -1000111001101110 (base 2) in base 12?
-19126
What is 287a (base 15) in base 14?
322d
Convert 10010010011 (base 2) to base 8.
2223
-53202 (base 7) to base 6
-140450
Convert -110001 (base 3) to base 7.
-643
Convert -257 (base 15) to base 8.
-1024
What is 14c (base 15) in base 16?
129
Convert -1202 (base 4) to base 16.
-62
Convert 2332 (base 4) to base 9.
231
Convert -1245 (base 11) to base 5.
-22442
95655 (base 10) to base 6
2014503
Convert 926 (base 16) to base 5.
33332
Convert -21341 (base 5) to base 8.
-2677
-11122 (base 3) to base 2
-1111101
Convert -2728 (base 12) to base 16.
-1190
-14b2 (base 13) to base 3
-11010210
What is -52 (base 12) in base 7?
-116
What is 816 (base 16) in base 11?
1612
Convert -2442 (base 11) to base 4.
-301320
What is b07 (base 16) in base 2?
101100000111
4b2 (base 15) to base 3
1110112
What is 4a1 (base 13) in base 15?
38c
Convert -43a (base 11) to base 10.
-527
Convert -21531 (base 6) to base 12.
-18a7
What is 20021 (base 5) in base 7?
3451
-2a05 (base 11) to base 14
-15ad
-6b (base 14) to base 6
-235
What is 6e2 (base 15) in base 5?
22222
Convert -127 (base 15) to base 4.
-10012
What is 436 (base 14) in base 11?
697
What is -11101200 (base 3) in base 14?
-124c
What is -62a2 (base 11) in base 2?
-10000010010100
Convert -3354 (base 6) to base 4.
-30112
What is 11100110000 (base 2) in base 14?
956
42442 (base 6) to base 4
1122122
-365e (base 15) to base 16
-2d2c
Convert 282 (base 12) to base 15.
1ab
What is 227b (base 15) in base 16?
1c94
-22 (base 12) to base 10
-26
What is -3577 (base 11) in base 6?
-33402
What is -11000001101 (base 2) in base 6?
-11101
4423 (base 7) to base 5
22320
68974 (base 10) to base 6
1251154
Convert 134002 (base 5) to base 6.
41250
What is 1adb (base 15) in base 8?
13307
-422 (base 9) to base 15
-17e
Convert 1425 (base 9) to base 15.
4bb
What is 209 (base 13) in base 5?
2342
10111110100 (base 2) to base 14
7ac
What is 121046 (base 7) in base 10?
21986
Convert -8c4 (base 14) to base 6.
-12020
What is -198 (base 15) in base 3?
-111122
Convert 101201 (base 8) to base 4.
20022001
Convert -434 (base 8) to base 5.
-2114
What is 3544 (base 11) in base 9?
6332
-217 (base 14) to base 13
-25a
What is 110011011 (base 2) in base 5?
3121
Convert 170 (base 8) to base 15.
80
Convert 221121 (base 3) to base 9.
847
What is 84 (base 10) in base 12?
70
52322 (base 6) to base 11
5315
What is 18e (base 15) in base 12?
25b
-10dbb (base 14) to base 5
-2304004
What is -69 (base 11) in base 7?
-135
Convert -22da (base 16) to base 5.
-241142
What is 1221210101 (base 3) in base 8?
113125
Convert 22153 (base 8) to base 6.
111055
What is ac2 (base 14) in base 16?
852
What is -2100202 (base 3) in base 12?
-bb5
Convert -29518 (base 10) to base 16.
-734e
What is -216 (base 8) in base 11?
-11a
What is 131010 (base 4) in base 14?
96c
-1011111 (base 3) to base 5
-11400
-2342 (base 7) to base 14
-459
What is -1156 (base 7) in base 15?
-1dd
Convert -10184 (base 9) to base 2.
-1101000111110
-2b62 (base 14) to base 16
-1e32
Convert -11001111111111 (base 2) to base 3.
-200021000
Convert 704 (base 9) to base 11.
47a
Convert 1111 (base 7) to base 14.
208
What is -37 (base 10) in base 6?
-101
31901 (base 11) to base 15
dae9
What is -1544 (base 11) in base 2?
-11111000000
Convert -31 (base 15) to base 5.
-141
-24232 (base 5) to base 6
-12225
What is 1012301 (base 5) in base 11?
114aa
What is -81 (base 12) in base 9?
-117
Convert 10e8 (base 15) to base 10.
3593
What is 430 (base 13) in base 5?
10330
-11110001 (base 2) to base 3
-22221
-21112200 (base 3) to base 4
-1111323
What is 653 (base 11) in base 15?
374
Convert 117 (base 11) to base 9.
164
Convert -33300 (base 7) to base 3.
-102111100
Convert -8648 (base 11) to base 4.
-2302202
Convert 1010000011 (base 2) to base 15.
2cd
What is -152365 (base 7) in base 13?
-10690
What is 462 (base 11) in base 7?
1416
What is 59 (base 12) in base 5?
234
101000010000 (base 2) to base 15
b6b
Convert -30144 (base 8) to base 3.
-121222211
Convert -23 (base 7) to base 14.
-13
What is -df4 (base 16) in base 7?
-13262
What is 1110 (base 10) in base 11?
91a
Convert 1011100101 (base 2) to base 3.
1000110
Convert -587 (base 11) to base 7.
-2020
What is -3e3 (base 16) in base 11?
-825
What is -1130123 (base 5) in base 13?
-9536
What is -1001202 (base 5) in base 3?
-210200021
What is -120221 (base 4) in base 11?
-1204
661 (base 12) to base 14
4ad
-13010 (base 7) to base 9
-4638
Convert -2de0 (base 15) to base 11.
-7477
102325 (base 6) to base 11
6296
Convert 1101100001 (base 2) to base 7.
2344
147 (base 12) to base 14
103
8700 (base 10) to base 14
3256
Convert 1ca (base 16) to base 12.
322
11111011110 (base 2) to base 7
5605
What is 5324 (base 12) in base 4?
2032030
What is -697e (base 16) in base 7?
-141510
Convert -731 (base 9) to base 5.
-4340
What is -444 (base 6) in base 5?
-1142
Convert -7497 (base 10) to base 6.
-54413
What is 221221222 (base 3) in base 6?
223342
What is 24a (base 16) in base 5?
4321
Convert 470 (base 12) to base 10.
660
Convert -3434 (base 10) to base 13.
-1742
What is -9381 (base 11) in base 12?
-723b
2301002 (base 4) to base 10
11330
-131113 (base 4) to base 3
-2120121
Convert 10330 (base 6) to base 14.
738
Convert -6858 (base 10) to base 8.
-15312
What is 13242 (base 6) in base 4?
133322
What is 54 (base 11) in base 8?
73
Convert 200 (base 5) to base 10.
50
Convert 1132334 (base 5) to base 14.
78db
1021 (base 5) to base 10
136
Convert 10243 (base 5) to base 15.
318
-10101011110101 (base 2) to base 7
-44030
Convert -1001001110011111 (base 2) to base 15.
-b2e6
What is 1c6 (base 14) in base 12?
26a
Convert 13a (base 12) to base 10.
190
-1541 (base 8) to base 6
-4001
Convert -10001011111 (base 2) to base 10.
-1119
22313 (base 5) to base 14
811
-38a5 (base 12) to base 10
-6461
What is -121020102 (base 3) in base 9?
-17212
What is -3836 (base 9) in base 8?
-5464
Convert -10100 (base 5) to base 2.
-1010001010
Convert -115 (base 8) to base 15.
-52
What is -412 (base 6) in base 9?
-178
-1112000 (base 3) to base 10
-1107
What is 751 (base 8) in base 3?
200010
Convert -1042 (base 12) to base 11.
-1377
Convert -6676 (base 9) to base 11.
-3781
Convert 20210033 (base 4) to base 7.
204203
Convert -c138 (base 15) to base 6.
-512442
10012 (base 12) to base 8
50416
-20236 (base 7) to base 13
-2320
Convert 2f5 (base 16) to base 8.
1365
Convert 10773 (base 8) to base 6.
33151
Convert 21320 (base 4) to base 11.
525
What is 4368 (base 14) in base 11?
8837
Convert 1655a (base 16) to base 5.
10411412
What is 860 (base 10) in base 14?
456
Convert 12242 (base 10) to base 7.
50456
Convert -1968 (base 11) to base 9.
-3371
What is 12e (base 16) in base 2?
100101110
Convert 2a8 (base 13) to base 16.
1dc
What is -15d9 (base 15) in base 5?
-122304
What is -2936 (base 10) in base 2?
-101101111000
-2000221 (base 4) to base 5
-230413
Convert -32255 (base 7) to base 2.
-1111101011011
What is -13514 (base 8) in base 12?
-3550
What is -3092 (base 15) in base 8?
-24026
What is 200d (base 16) in base 15?
2670
What is 1135451 (base 6) in base 7?
335455
What is 4689 (base 11) in base 7?
23631
What is -1878 (base 12) in base 3?
-11002002
Convert 27735 (base 12) to base 8.
152531
What is -4803 (base 9) in base 7?
-13254
Convert -4d4 (base 14) to base 16.
-3ca
405 (base 6) to base 8
225
Convert 12aa (base 11) to base 9.
2281
-121111 (base 3) to base 15
-1ea
-2903a (base 11) to base 3
-2002122210
Convert -101011 (base 4) to base 6.
-5021
What is -120122 (base 3) in base 7?
-1142
What is -1600 (base 7) in base 16?
-27d
-322 (base 5) to base 6
-223
What is -211000110 (base 3) in base 2?
-11111010110010
Convert 4d64 (base 1